{"id":77,"date":"2019-02-19T11:25:04","date_gmt":"2019-02-19T10:25:04","guid":{"rendered":"http:\/\/nova.titk.no\/?page_id=77"},"modified":"2019-02-20T10:47:22","modified_gmt":"2019-02-20T09:47:22","slug":"kasko","status":"publish","type":"page","link":"https:\/\/nova.titk.no\/?page_id=77","title":{"rendered":"Kasko"},"content":{"rendered":"\n<p><strong>Kaskoforsikring \u2013 fysisk tap eller skade p\u00e5 fly<\/strong>Kaskoforsikringen dekker eiere og operat\u00f8rer av luftfart\u00f8yer mot tap som f\u00f8lge av fysiske skader p\u00e5 flyet, uansett om skaden er delvis eller total, og den gjelder ogs\u00e5 hvis flyet eller deler av flyet forsvinner eller blir stj\u00e5let.<\/p>\n\n\n\n<p><strong>Full flygerisiko<\/strong>Denne kaskoforsikringen har tradisjonelt v\u00e6rt den vanligste, siden den b\u00e5de dekker skader som kan oppst\u00e5 under flygingen (herunder letting og landing) og skader p\u00e5 jorden mens fart\u00f8yet er oppstilt, blir tauet eller takser.<\/p>\n\n\n\n<p><strong>Bakkerisiko<\/strong>Denne kaskoforsikringen er begrenset til dekning av skader som oppst\u00e5r mens flyet er p\u00e5 bakken og ikke beveger seg. Forsikringsselskapets risiko er betydelig lavere n\u00e5r luftfart\u00f8yet er dekket for bakkerisiko, og det er naturlig at dette ogs\u00e5 gjenspeiles i st\u00f8rrelsen p\u00e5 premien.<\/p>\n\n\n\n<p><strong>Kombinert full flygerisiko og stillstandsrisiko<\/strong>Det er ikke uvanlig at flyeiere og -operat\u00f8rer har perioder der flyet ikke blir brukt \u2013 typisk i vinterm\u00e5nedene \u2013 og det trengs en skreddersydd kaskoforsikring som dekker deres behov. Hos Nova Consult tilbyr vi kaskoforsikring som avspeiler dette behovet, og som samtidig sikrer at kundene v\u00e5re ikke betaler for en dekning som de ikke trenger.<\/p>\n\n\n\n<p><strong>Unntak<\/strong>Visse typer skader, enten skader av en bestemt art eller skader som oppst\u00e5r under spesielle forhold, dekkes ikke av kaskoforsikringen. Les forsikringsvilk\u00e5rene for \u00e5 se hele listen over skader som dekkes og unntak.<\/p>\n\n\n\n<p><strong>Ekstra dekning<\/strong>Eiere og operat\u00f8rer av luftfart\u00f8y kan ha behov for en ekstra kaskodekning. Den kan omfatte:<\/p>\n\n\n\n<p>\u2022 Kasko krigsforsikring<br>\u2022 Reservedelsforsikring<br>\u2022 Egenandelsforsikring<\/p>\n\n\n\n<p><strong>Faktorer som kan p\u00e5virke premieniv\u00e5et<\/strong>Beregning av premie for kaskoforsikringer er komplekst og bygger p\u00e5 flere faktorer, blant annet historisk statistikk. Dette er noen av faktorene (tilfeldig rekkef\u00f8lge):<\/p>\n\n\n\n<p>\u2022 Typen luftfart\u00f8y<br>\u2022 Fart\u00f8yets verdi<br>\u2022 Bruksomr\u00e5de<br>\u2022 Pilotens erfaring<br>\u2022 Skadehistorikk<br>\u2022 Geografisk bruksomr\u00e5de<br>\u2022 \u00c5rlige driftstimer<br>\u2022 Bakkeperioder<br>\u2022 St\u00f8rrelse p\u00e5 egenandel<br>\u2022 Forsikringsperiodens lengde<\/p>\n","protected":false},"excerpt":{"rendered":"<p>Kaskoforsikring \u2013 fysisk tap eller skade p\u00e5 flyKaskoforsikringen dekker eiere og operat\u00f8rer av luftfart\u00f8yer mot tap som f\u00f8lge av fysiske skader p\u00e5 flyet, uansett om skaden er delvis eller total, og den gjelder ogs\u00e5 hvis flyet eller deler av flyet forsvinner eller blir stj\u00e5let. Full flygerisikoDenne kaskoforsikringen har tradisjonelt v\u00e6rt den vanligste, siden den b\u00e5de [&hellip;]<\/p>\n","protected":false},"author":2,"featured_media":0,"parent":0,"menu_order":0,"comment_status":"closed","ping_status":"closed","template":"","meta":[],"_links":{"self":[{"href":"https:\/\/nova.titk.no\/index.php?rest_route=\/wp\/v2\/pages\/77"}],"collection":[{"href":"https:\/\/nova.titk.no\/index.php?rest_route=\/wp\/v2\/pages"}],"about":[{"href":"https:\/\/nova.titk.no\/index.php?rest_route=\/wp\/v2\/types\/page"}],"author":[{"embeddable":true,"href":"https:\/\/nova.titk.no\/index.php?rest_route=\/wp\/v2\/users\/2"}],"replies":[{"embeddable":true,"href":"https:\/\/nova.titk.no\/index.php?rest_route=%2Fwp%2Fv2%2Fcomments&post=77"}],"version-history":[{"count":2,"href":"https:\/\/nova.titk.no\/index.php?rest_route=\/wp\/v2\/pages\/77\/revisions"}],"predecessor-version":[{"id":168,"href":"https:\/\/nova.titk.no\/index.php?rest_route=\/wp\/v2\/pages\/77\/revisions\/168"}],"wp:attachment":[{"href":"https:\/\/nova.titk.no\/index.php?rest_route=%2Fwp%2Fv2%2Fmedia&parent=77"}],"curies":[{"name":"wp","href":"https:\/\/api.w.org\/{rel}","templated":true}]}}